-4*t = -5*x + 17. Is 2 a factor of x?
False
Let p(c) = 7*c**3 + 2*c**2 - 6*c + 3. Let v = 44 - 42. Is 9 a factor of p(v)?
False
Let k = 45 + -47. Does 12 divide (1 - 31)*5/(25/k)?
True
Let q(x) = 10*x + 4. Let b be q(4). Let a = -29 - -10. Let i = b + a. Is i a multiple of 6?
False
Suppose 2*f - f = 5*d - 7, -2 = 5*d - 4*f. Is d*(-1 + -11)*(-132)/36 a multiple of 4?
True
Suppose -44573 = -19*s + 12579. Does 16 divide s?
True
Suppose -4*j + 5 = -3*j + u, -5*j + u = -19. Suppose b - 25 = 3*z, -j*b + 63 = -z + 7. Does 11 divide b - -10 - 2*1?
False
Let t(l) = 2*l**2 - l - 10. Let h be ((-9)/((-270)/12))/((-2)/40). Is 24 a factor of t(h)?
False
Let y(f) = f**3 - 19*f**2 + 35*f - 3. Let p be y(17). Suppose -165 = -p*k + 9*k. Is 4 a factor of k?
False
Let m(h) = -120*h**3 + h**2 - h - 1. Let j be m(-1). Suppose -5*l + 4*l + 2 = 0. Suppose -l*x - 120 = -4*b, 4*b + x = -13 + j. Is 14 a factor of b?
True
Suppose h + 6 = -h, -r = -5*h - 1347. Suppose -7*y = -16*y + r. Is 26 a factor of y?
False
Suppose -13*t + 16841 = -36095. Is 22 a factor of t?
False
Let x = -168 + 292. Let o = x - 64. Does 12 divide o?
True
Suppose -11 = -2*l - 3. Let w be 2*(-5)/((-20)/6). Suppose -w*c = -l*c + 20. Is 10 a factor of c?
True
Does 35 divide (-5)/(45/6) + 37300/60?
False
Let u(k) = 87*k**2 + 28*k - 86. Is 54 a factor of u(5)?
False
Let r(g) = -626*g + 47. Does 20 divide r(-3)?
False
Is ((-186)/(-9) - 6)/((-4)/(-36)) a multiple of 11?
True
Suppose -6 = -5*l + 3*i - 6*i, -2*l + 9 = -i. Let z(y) = 6*y**2 + 0*y**3 + y**3 - 3 + 6*y - l*y. Does 7 divide z(-4)?
False
Is 31 a factor of ((-43)/129)/((-1)/(2 - -2020))?
False
Let b = -43 - -127. Let k = b + -57. Does 27 divide k?
True
Let b(s) = -s**3 - 7*s**2 + 7*s - 4. Let h(k) = -k**2 + 2*k. Let p be h(4). Let r be b(p). Suppose -r*c + 183 = 5*l, -3*l = 3*c - 64 - 47. Does 11 divide l?
False
Suppose 3*x = -z + 1217, 4*x - 4*z = -x + 2034. Is x a multiple of 58?
True
Suppose -133 = -8*p + 243. Suppose -p = h - 135. Is 11 a factor of h?
True
Suppose -m - m - 5*n + 29 = 0, 1 = -2*m + n. Does 4 divide 5/(-2) + m - 235/(-10)?
False
Suppose -11*d + 9*d + 4 = 0. Suppose -3 = -d*f + 15. Is f a multiple of 9?
True
Let c(q) be the first derivative of -q**3/3 + 9*q**2/2 - 9*q - 3. Let h be c(8). Is 13 a factor of (-279)/(-6) + h/2?
False
Let d = 11 + -9. Suppose -8 + 2 = -d*m - 4*j, 0 = m + j - 3. Suppose 14 + 193 = m*v. Does 23 divide v?
True
Suppose 0 = 5*s + 20, -x - 20 = -4*s - 7. Let r = x + 137. Is r a multiple of 18?
True
Let r(w) = -w**3 + 7*w**2 + 5*w + 6. Let a be r(6). Suppose 0 = 9*s - 8*s - a. Does 18 divide s?
True
Let m = -96 + 226. Let a(p) = p**2 + 10*p - 5. Let f be a(5). Let r = m - f. Does 15 divide r?
True
Suppose -57*f + 51*f = -4398. Is f a multiple of 29?
False
Let x(f) be the third derivative of -f**6/120 - f**5/30 + f**4/24 - f**3/6 + 8*f**2. Let t be x(-3). Let i = t - -18. Is 21 a factor of i?
False
Let m = 5 + 1. Suppose 9*d = m*d + 225. Is d a multiple of 13?
False
Let y = 65 - -1074. Does 41 divide y?
False
Let t be 1/(-1)*(2 + -25). Let n = -63 + t. Does 15 divide n/(-30)*(21 + 0)?
False
Let s(a) = 2*a + 8. Let w be s(-4). Suppose w = -b - 3*b + 576. Does 18 divide b?
True
Let h(j) = j**2 - 13*j - 7 + 3 - 2. Let a be h(14). Is 9 a factor of (-3*(1 + a))/(-1)?
True
Suppose 5*q + 0*q - 25 = 0. Let d = 2 + q. Let h = d - -11. Is h a multiple of 9?
True
Is 43 a factor of ((-672)/(-18) - 6)*18?
False
Let r = -689 - -1310. Does 23 divide r?
True
Let z be (-4)/(-10) + 15/25. Suppose z = -5*t + 6. Let y(w) = 9*w**2 + w - 1. Is 3 a factor of y(t)?
True
Let c be 2/(-9) + (21/(-27) - -5). Suppose -5*d = -2*b + 88, -4*b + c*d = -b - 146. Is 16 a factor of b?
False
Suppose 27 + 171 = r. Suppose 4*q = -4*l + 2*l + r, 4*l - q - 378 = 0. Is l a multiple of 27?
False
Let u(l) = l**3 - 9*l**2 - 12*l + 11. Let a be u(10). Let z(n) = n**3 + 8*n**2 - 19*n + 10. Does 18 divide z(a)?
False
Suppose 2*v - 200 = 2*o, 5*o - 320 = -3*v + 12. Suppose -v + 8 = 3*q. Let p = q - -66. Is 12 a factor of p?
False
Let p(t) = -3*t**3 - 2*t**2 - t + 3. Let u be ((-6)/(-10))/((-8)/40). Let o be p(u). Suppose -o = 17*f - 18*f. Does 23 divide f?
True
Let w be 3*(1 + 26/6). Does 3 divide (w/(-6))/(24/(-36))?
False
Let z(y) = -4*y**3 - 10*y**2 - 14*y - 30. Does 29 divide z(-5)?
True
Let j = -26 + 16. Let y = j + 8. Is 8 a factor of 1 + y + (10 - -2)?
False
Let f be (-18)/4*6/(-9). Let o = f - 6. Let x = o + 51. Does 24 divide x?
True
Suppose -2*l + 3*m + 148 = 0, -5*l = -0*l + 5*m - 320. Suppose -4*y + l = v, 2*y = -4*v - 3*y + 316. Is 14 a factor of v?
True
Suppose 2*m - 88 = 4*f, f + 251 = 4*m + 54. Is 4 a factor of m?
False
Suppose -n + 5*n = -20. Let i(g) be the third derivative of g**5/30 - g**4/3 - 2*g**3 - 171*g**2. Is 13 a factor of i(n)?
True
Suppose -5*a = 4*l - 36, 2*l + 5*a - a - 18 = 0. Suppose -l*u = -20*u + 616. Is u a multiple of 11?
False
Let d = -528 + 241. Let r = -72 - d. Does 47 divide r?
False
Suppose -4*y + 2038 = -2*k, -2*k + 781 = 2*y - 247. Does 7 divide y?
True
Suppose 2*f = 25 + 17. Let o = f + -14. Suppose -204 = -o*m + 3*m. Is m a multiple of 17?
True
Let q(d) = 21*d - 37. Let w be q(5). Suppose 13 = -h + w. Does 14 divide h?
False
Let a(s) = 4*s**2 + 27*s + 73. Does 28 divide a(-7)?
False
Let u(j) = -23*j**3 - 28 - 2*j**2 - 3*j + 27 - 63*j**3. Suppose -c = -2*m + 11, 0 = -4*c + 5*m - 29. Does 22 divide u(c)?
False
Let n(s) = s**3 - 12*s**2 + 6*s - 29. Let d(k) = -k**2 - k + 1. Let z(b) = 4*d(b) + n(b). Is z(16) a multiple of 3?
False
Is 13 a factor of 9 - 1240/(-1 + -9)?
False
Suppose i - 5*i = -76. Let r = -17 + i. Suppose k = 2*k, 0 = -r*j + k + 30. Is 5 a factor of j?
True
Let z = -1233 + 2091. Is 26 a factor of z?
True
Let x(c) = -c**2 - 3*c + 14. Let j be x(-5). Suppose -1762 = -j*b - 162. Suppose -b = 5*i - 13*i. Is i a multiple of 11?
False
Let m(p) = 4*p**2 + 1 + 2*p - 3*p**2 + p**2. Suppose 3*o + 25 = -3*v - v, 2*o - v + 2 = 0. Is 13 a factor of m(o)?
True
Let v = -38 + 124. Let u(h) = -h**2 + 7*h - 8. Let f be u(9). Let p = v + f. Does 17 divide p?
False
Let f(p) = p**3 - 7*p**2 - 2*p + 5. Let d be 4/10 + (-26)/(-10). Let v be f(d). Does 6 divide (2 + v)*-1 - -1?
True
Suppose -241 = -5*k + 269. Does 6 divide k?
True
Let s be (-1 - -3) + -2 + (10 - 5). Let k = -6 - -10. Suppose 169 = s*v + k. Does 6 divide v?
False
Let b(j) = 19*j + 631. Does 22 divide b(-25)?
False
Let b be 28/(-98) + 60/14. Suppose 5*v = 3*w - 116, -b*w + 7*w + 4*v = 107. Does 16 divide w?
False
Suppose -605 = 4*x + 707. Let v = -183 - x. Is 14 a factor of v?
False
Let c(m) = m**3 - 10*m**2 - 9*m - 18. Let q be c(11). Suppose 4*r - q*o = 496, -146 = -5*r - o + 444. Is r a multiple of 13?
False
Suppose -8*t - 56 = -10*t. Let b = t + -5. Does 3 divide b?
False
Suppose -28*o + 47304 = 8*o. Is 13 a factor of o?
False
Suppose -32*b + 36*b = -224. Let l = 94 - b. Does 12 divide l?
False
Suppose -126 = -2*d - a, -3*a - 56 = d - 2*d. Let s = d + -13. Is s a multiple of 18?
False
Let p(d) = -4 + 2 - 5*d + 3. Let w be p(-7). Suppose -2 = -2*z + w. Does 4 divide z?
False
Let d = -435 - -435. Suppose -10 + 0 = -2*i. Suppose 4*k - 3*o - 467 = d, 0 = 5*k - 0*k - i*o - 585. Is 14 a factor of k?
False
Suppose 2*w = -3*o - 39, o - 14 - 28 = 3*w. Let t(y) = y**2 + 16*y + 18. Let q be t(w). Suppose -39 = -5*k + d, 2*k - 18 = -2*d + q*d. Does 7 divide k?
True
Let l(h) = -h**3 + h**2. Let o be l(1). Suppose o = 5*a - 34 - 41. Is a a multiple of 3?
True
Is 10 a factor of 7/(-28) - 28148/(-16)?
False
Let q(s) = -9*s**2 + 4*s - 6. Let f be q(6). Let y = f - -211. Let l = y - -166. Does 20 divide l?
False
Let z(l) = l**3 - 7*l**2 + 12*l + 2. Let d be z(4). Suppose -q = -4*j + 814, -5*q + 638 - 220 = d*j. Does 17 divide j?
True
Suppose 0 = 3*l - 6, l = -4*w - 4 + 18. Suppose -5*b + w*b + 4 = 0. Suppose 0 = 4*s + b*s - 396. Does 22 divide s?
True
Is 115 a factor of 346*1 - (-315)/35?
False
Let j = 145 + -65. Is j a multiple of 5?
True
Is (285/(-10))/((-54)/792) a multiple of 13?
False
Let u be (-1 - -1)*1*-1. Let s be 108/16 + -5 + (-3)/(-12). Suppose h - s*w - 21 = -u*w, w - 18 = -h. Is h a multiple of 12?
False
Let z(y) = -226*y**3 + 3*y**2 + 5*y - 10. Is z(-2) a multiple of 60?
True
Let n(o) = -368*o - 280. Does 9 divide n(-3)?
False
Let h(o) = -19 - 2 - 4 + 